START TRANSACTION;
INSERT INTO role (roleid,name,type,readonly) values ('1','User role','1','0');
INSERT INTO role (roleid,name,type,readonly) values ('2','Admin role','2','0');
INSERT INTO role (roleid,name,type,readonly) values ('3','Super admin role','3','1');
INSERT INTO role (roleid,name,type,readonly) values ('4','Guest role','1','0');
INSERT INTO users (userid,username,name,surname,passwd,url,autologin,autologout,refresh,rows_per_page,roleid) values ('1','Admin','Zabbix','Administrator','$2y$10$92nDno4n0Zm7Ej7Jfsz8WukBfgSS/U0QkIuu8WkJPihXBb2A1UrEK','','1','0','30s','50','3');
INSERT INTO users (userid,username,name,surname,passwd,url,autologin,autologout,refresh,rows_per_page,roleid) values ('2','guest','','','$2y$10$89otZrRNmde97rIyzclecuk6LwKAsHN0BcvoOKGjbT.BwMBfm7G06','','0','15m','30s','50','4');
INSERT INTO hstgrp (groupid,name,internal,flags,uuid) values ('1','Discovered hosts','1','0','f2481361f99448eea617b7b1d4765566');
INSERT INTO usrgrp (usrgrpid,name,gui_access,users_status,debug_mode) values ('7','Zabbix administrators','0','0','0');
INSERT INTO usrgrp (usrgrpid,name,gui_access,users_status,debug_mode) values ('8','Guests','1','0','0');
INSERT INTO usrgrp (usrgrpid,name,gui_access,users_status,debug_mode) values ('9','Disabled','0','1','0');
INSERT INTO usrgrp (usrgrpid,name,gui_access,users_status,debug_mode) values ('11','Enabled debug mode','0','0','1');
INSERT INTO usrgrp (usrgrpid,name,gui_access,users_status,debug_mode) values ('12','No access to the frontend','3','0','0');
INSERT INTO users_groups (id,usrgrpid,userid) values ('2','8','2');
INSERT INTO users_groups (id,usrgrpid,userid) values ('3','9','2');
INSERT INTO users_groups (id,usrgrpid,userid) values ('4','7','1');
INSERT INTO config (configid,work_period,alert_usrgrpid,discovery_groupid,dbversion_status,geomaps_tile_provider) values ('1','1-5,09:00-18:00','7','1','','OpenStreetMap.Mapnik');
INSERT INTO graph_theme (graphthemeid,theme,backgroundcolor,graphcolor,gridcolor,maingridcolor,gridbordercolor,textcolor,highlightcolor,leftpercentilecolor,rightpercentilecolor,nonworktimecolor,colorpalette) values ('1','blue-theme','FFFFFF','FFFFFF','CCD5D9','ACBBC2','ACBBC2','1F2C33','E33734','429E47','E33734','EBEBEB','1A7C11,F63100,2774A4,A54F10,FC6EA3,6C59DC,AC8C14,611F27,F230E0,5CCD18,BB2A02,5A2B57,89ABF8,7EC25C,274482,2B5429,8048B4,FD5434,790E1F,87AC4D,E89DF4');
INSERT INTO graph_theme (graphthemeid,theme,backgroundcolor,graphcolor,gridcolor,maingridcolor,gridbordercolor,textcolor,highlightcolor,leftpercentilecolor,rightpercentilecolor,nonworktimecolor,colorpalette) values ('2','dark-theme','2B2B2B','2B2B2B','454545','4F4F4F','4F4F4F','F2F2F2','E45959','59DB8F','E45959','333333','199C0D,F63100,2774A4,F7941D,FC6EA3,6C59DC,C7A72D,BA2A5D,F230E0,5CCD18,BB2A02,AC41A5,89ABF8,7EC25C,3165D5,79A277,AA73DE,FD5434,F21C3E,87AC4D,E89DF4');
INSERT INTO graph_theme (graphthemeid,theme,backgroundcolor,graphcolor,gridcolor,maingridcolor,gridbordercolor,textcolor,highlightcolor,leftpercentilecolor,rightpercentilecolor,nonworktimecolor,colorpalette) values ('3','hc-light','FFFFFF','FFFFFF','555555','000000','333333','000000','333333','000000','000000','EBEBEB','1A7C11,F63100,2774A4,A54F10,FC6EA3,6C59DC,AC8C14,611F27,F230E0,5CCD18,BB2A02,5A2B57,89ABF8,7EC25C,274482,2B5429,8048B4,FD5434,790E1F,87AC4D,E89DF4');
INSERT INTO graph_theme (graphthemeid,theme,backgroundcolor,graphcolor,gridcolor,maingridcolor,gridbordercolor,textcolor,highlightcolor,leftpercentilecolor,rightpercentilecolor,nonworktimecolor,colorpalette) values ('4','hc-dark','000000','000000','666666','888888','4F4F4F','FFFFFF','FFFFFF','FFFFFF','FFFFFF','333333','199C0D,F63100,2774A4,F7941D,FC6EA3,6C59DC,C7A72D,BA2A5D,F230E0,5CCD18,BB2A02,AC41A5,89ABF8,7EC25C,3165D5,79A277,AA73DE,FD5434,F21C3E,87AC4D,E89DF4');
INSERT INTO config_autoreg_tls (autoreg_tlsid,tls_psk_identity,tls_psk) values ('1','','');
INSERT INTO role_rule (role_ruleid,roleid,type,name,value_int,value_str,value_moduleid,value_serviceid) values ('1','1','0','ui.default_access','1','',NULL,NULL);
INSERT INTO role_rule (role_ruleid,roleid,type,name,value_int,value_str,value_moduleid,value_serviceid) values ('2','1','0','services.read','1','',NULL,NULL);
INSERT INTO role_rule (role_ruleid,roleid,type,name,value_int,value_str,value_moduleid,value_serviceid) values ('3','1','0','services.write','0','',NULL,NULL);
INSERT INTO role_rule (role_ruleid,roleid,type,name,value_int,value_str,value_moduleid,value_serviceid) values ('4','1','0','modules.default_access','1','',NULL,NULL);
INSERT INTO role_rule (role_ruleid,roleid,type,name,value_int,value_str,value_moduleid,value_serviceid) values ('5','1','0','api.access','1','',NULL,NULL);
INSERT INTO role_rule (role_ruleid,roleid,type,name,value_int,value_str,value_moduleid,value_serviceid) values ('6','1','0','api.mode','0','',NULL,NULL);
INSERT INTO role_rule (role_ruleid,roleid,type,name,value_int,value_str,value_moduleid,value_serviceid) values ('7','1','0','actions.default_access','1','',NULL,NULL);
INSERT INTO role_rule (role_ruleid,roleid,type,name,value_int,value_str,value_moduleid,value_serviceid) values ('8','2','0','ui.default_access','1','',NULL,NULL);
INSERT INTO role_rule (role_ruleid,roleid,type,name,value_int,value_str,value_moduleid,value_serviceid) values ('9','2','0','services.read','1','',NULL,NULL);
INSERT INTO role_rule (role_ruleid,roleid,type,name,value_int,value_str,value_moduleid,value_serviceid) values ('10','2','0','services.write','1','',NULL,NULL);
INSERT INTO role_rule (role_ruleid,roleid,type,name,value_int,value_str,value_moduleid,value_serviceid) values ('11','2','0','modules.default_access','1','',NULL,NULL);
INSERT INTO role_rule (role_ruleid,roleid,type,name,value_int,value_str,value_moduleid,value_serviceid) values ('12','2','0','api.access','1','',NULL,NULL);
INSERT INTO role_rule (role_ruleid,roleid,type,name,value_int,value_str,value_moduleid,value_serviceid) values ('13','2','0','api.mode','0','',NULL,NULL);
INSERT INTO role_rule (role_ruleid,roleid,type,name,value_int,value_str,value_moduleid,value_serviceid) values ('14','2','0','actions.default_access','1','',NULL,NULL);
INSERT INTO role_rule (role_ruleid,roleid,type,name,value_int,value_str,value_moduleid,value_serviceid) values ('15','3','0','ui.default_access','1','',NULL,NULL);
INSERT INTO role_rule (role_ruleid,roleid,type,name,value_int,value_str,value_moduleid,value_serviceid) values ('16','3','0','services.read','1','',NULL,NULL);
INSERT INTO role_rule (role_ruleid,roleid,type,name,value_int,value_str,value_moduleid,value_serviceid) values ('17','3','0','services.write','1','',NULL,NULL);
INSERT INTO role_rule (role_ruleid,roleid,type,name,value_int,value_str,value_moduleid,value_serviceid) values ('18','3','0','modules.default_access','1','',NULL,NULL);
INSERT INTO role_rule (role_ruleid,roleid,type,name,value_int,value_str,value_moduleid,value_serviceid) values ('19','3','0','api.access','1','',NULL,NULL);
INSERT INTO role_rule (role_ruleid,roleid,type,name,value_int,value_str,value_moduleid,value_serviceid) values ('20','3','0','api.mode','0','',NULL,NULL);
INSERT INTO role_rule (role_ruleid,roleid,type,name,value_int,value_str,value_moduleid,value_serviceid) values ('21','3','0','actions.default_access','1','',NULL,NULL);
INSERT INTO role_rule (role_ruleid,roleid,type,name,value_int,value_str,value_moduleid,value_serviceid) values ('22','4','0','ui.default_access','1','',NULL,NULL);
INSERT INTO role_rule (role_ruleid,roleid,type,name,value_int,value_str,value_moduleid,value_serviceid) values ('23','4','0','services.read','1','',NULL,NULL);
INSERT INTO role_rule (role_ruleid,roleid,type,name,value_int,value_str,value_moduleid,value_serviceid) values ('24','4','0','services.write','0','',NULL,NULL);
INSERT INTO role_rule (role_ruleid,roleid,type,name,value_int,value_str,value_moduleid,value_serviceid) values ('25','4','0','modules.default_access','1','',NULL,NULL);
INSERT INTO role_rule (role_ruleid,roleid,type,name,value_int,value_str,value_moduleid,value_serviceid) values ('26','4','0','api.access','0','',NULL,NULL);
INSERT INTO role_rule (role_ruleid,roleid,type,name,value_int,value_str,value_moduleid,value_serviceid) values ('27','4','0','actions.default_access','0','',NULL,NULL);
INSERT INTO token (tokenid, name, description, userid, token, lastaccess, status, expires_at, created_at, creator_userid) VALUES (1, 'api', '', 1, '3369f8d8fe2b9e91ef6f947ec1a0d214a6e9732c44384516d79de61dd5047dd88dc3609c5ed1d5b7dd446b8e4bc7d32599e5343989a416cdfbcadd4e62dd637b', 0, 0, 0, 1669849200, 1);
COMMIT;
